r of 27 and 144?
9
Calculate the highest common factor of 145 and 9773.
29
What is the greatest common factor of 75 and 25?
25
What is the highest common divisor of 600 and 72?
24
What is the highest common factor of 70 and 4190?
10
Calculate the greatest common divisor of 103936 and 203.
203
Calculate the highest common factor of 2499 and 84.
21
What is the greatest common factor of 1128 and 49256?
376
Calculate the greatest common divisor of 444 and 30.
6
Calculate the greatest common divisor of 54 and 15444.
54
Calculate the highest common divisor of 630 and 20070.
90
Calculate the highest common divisor of 12221 and 22.
11
What is the greatest common divisor of 84 and 966?
42
What is the highest common factor of 527 and 17?
17
Calculate the highest common factor of 21 and 2653.
7
What is the greatest common divisor of 128 and 544?
32
Calculate the greatest common factor of 76 and 4.
4
Calculate the greatest common factor of 5 and 200.
5
What is the highest common factor of 176 and 4598?
22
Calculate the highest common factor of 9 and 414.
9
Calculate the highest common factor of 484 and 1573.
121
What is the highest common factor of 9299 and 17?
17
What is the greatest common factor of 1 and 219?
1
Calculate the highest common divisor of 40673 and 178.
89
What is the highest common divisor of 357 and 459?
51
What is the highest common factor of 46 and 69?
23
What is the greatest common factor of 36 and 4194?
18
Calculate the greatest common factor of 621 and 54.
27
What is the highest common divisor of 2 and 178?
2
Calculate the greatest common factor of 828 and 736.
92
What is the highest common divisor of 22753 and 244?
61
What is the greatest common divisor of 266 and 7?
7
What is the greatest common divisor of 738 and 396?
18
Calculate the highest common factor of 15111 and 207.
207
What is the greatest common factor of 2900 and 900?
100
Calculate the highest common factor of 228 and 1672.
76
Calculate the highest common factor of 104 and 1690.
26
What is the highest common divisor of 270 and 255?
15
What is the highest common divisor of 4928 and 8?
8
What is the greatest common factor of 19 and 247?
19
What is the greatest common divisor of 1088 and 64?
64
What is the greatest common factor of 924 and 11?
11
What is the greatest common divisor of 188 and 235?
47
What is the highest common divisor of 39904 and 24?
8
What is the highest common divisor of 152 and 190?
38
Calculate the highest common divisor of 182 and 84.
14
Calculate the highest common divisor of 6 and 7386.
6
What is the highest common factor of 11754 and 36?
18
Calculate the greatest common factor of 50 and 220.
10
Calculate the greatest common divisor of 18 and 117.
9
Calculate the highest common factor of 2010 and 18.
6
What is the highest common factor of 40180 and 196?
196
Calculate the highest common divisor of 24196 and 92.
92
What is the highest common factor of 728 and 13?
13
What is the greatest common divisor of 13 and 4563?
13
Calculate the greatest common divisor of 25 and 3025.
25
What is the highest common divisor of 16 and 17872?
16
Calculate the highest common factor of 38 and 418.
38
What is the greatest common divisor of 880 and 11?
11
What is the greatest common factor of 3077 and 34?
17
What is the highest common divisor of 575 and 7429?
23
What is the greatest common factor of 2 and 522?
2
What is the greatest common factor of 3 and 21621?
3
What is the greatest common factor of 528 and 165?
33
Calculate the highest common divisor of 2 and 8.
2
What is the greatest common factor of 126 and 56?
14
Calculate the greatest common divisor of 260 and 156.
52
What is the greatest common divisor of 791 and 7458?
113
Calculate the highest common factor of 242 and 176.
22
What is the greatest common divisor of 8 and 1160?
8
What is the greatest common factor of 30 and 930?
30
Calculate the highest common divisor of 1040 and 80.
80
Calculate the highest common factor of 575 and 50.
25
What is the greatest common factor of 60 and 198?
6
What is the highest common divisor of 75 and 3?
3
What is the greatest common divisor of 18 and 1314?
18
What is the highest common factor of 321 and 214?
107
What is the highest common divisor of 672 and 96?
96
What is the highest common factor of 115 and 1196?
23
What is the greatest common divisor of 21 and 1239?
21
Calculate the highest common factor of 254 and 5461.
127
What is the highest common divisor of 8 and 808?
8
What is the highest common factor of 289 and 17?
17
Calculate the highest common factor of 114 and 16131.
57
Calculate the highest common factor of 360 and 72.
72
What is the greatest common divisor of 2086 and 5066?
298
What is the highest common divisor of 2697 and 87?
87
Calculate the greatest common divisor of 108 and 270.
54
Calculate the greatest common factor of 5 and 205.
5
What is the highest common divisor of 52 and 533?
13
What is the highest common divisor of 512 and 44?
4
Calculate the greatest common factor of 1300 and 416.
52
Calculate the highest common factor of 9018 and 54.
54
What is the highest common divisor of 17739 and 9?
9
What is the highest common factor of 208 and 9048?
104
Calculate the highest common divisor of 18775 and 25.
25
What is the greatest common factor of 3894 and 60?
6
Calculate the greatest common divisor of 2121 and 21.
21
What is the greatest common factor of 150 and 2625?
75
What is the highest common factor of 799 and 94?
47
Calculate the highest common divisor of 209 and 66.
11
Calculate the greatest common factor of 220 and 1628.
44
Calculate the greatest common divisor of 355 and 284.
71
What is the highest common factor of 4077 and 378?
27
What is the greatest common divisor of 278 and 32248?
278
Calculate the greatest common factor of 308 and 14707.
77
What is the highest common factor of 168 and 7896?
168
What is the highest common factor of 34 and 1836?
34
Calculate the highest common divisor of 403 and 62.
31
What is the greatest common divisor of 1162 and 42?
14
What is the greatest common divisor of 7 and 1554?
7
Calculate the greatest common divisor of 128 and 23360.
64
What is the greatest common factor of 3065 and 40?
5
What is the highest common factor of 4023 and 54?
27
What is the highest common divisor of 418 and 76?
38
Calculate the greatest common divisor of 10 and 15050.
10
What is the highest common factor of 5 and 8?
1
What is the highest common factor of 290 and 20?
10
Calculate the highest common divisor of 874 and 230.
46
Calculate the highest common divisor of 18 and 288.
18
What is the greatest common factor of 19551 and 114?
57
Calculate the greatest common factor of 11696 and 204.
68
What is the greatest common factor of 80 and 920?
40
Calculate the greatest common factor of 245 and 140.
35
What is the highest common factor of 21 and 2688?
21
Calculate the highest common factor of 1919 and 19.
19
What is the greatest common factor of 21 and 168?
21
Calculate the highest common divisor of 1152 and 4176.
144
What is the greatest common divisor of 33 and 24?
3
What is the greatest common factor of 117 and 45?
9
Calculate the highest common factor of 470 and 423.
47
What is the highest common divisor of 123 and 820?
41
What is the greatest common factor of 4912 and 16?
16
What is the highest common divisor of 56 and 70?
14
What is the greatest common factor of 2170 and 50?
10
What is the highest common divisor of 1653 and 725?
29
Calculate the highest common divisor of 47 and 1598.
47
What is the highest common divisor of 536 and 3283?
67
What is the greatest common factor of 42 and 6594?
42
What is the highest common divisor of 8001 and 189?
63
What is the greatest common factor of 1688 and 24?
8
What is the highest common divisor of 58 and 6322?
58
Calculate the highest common factor of 600 and 24.
24
Calculate the highest common divisor of 994 and 378.
14
Calculate the greatest common factor of 2280 and 95.
95
Calculate the greatest common divisor of 310 and 992.
62
Calculate the highest common divisor of 57 and 57.
57
What is the highest common divisor of 60 and 1340?
20
Calculate the greatest common factor of 4272 and 16.
16
What is the greatest common factor of 27702 and 228?
114
Calculate the greatest common factor of 34 and 